{"id":6,"date":"2010-10-13T18:06:34","date_gmt":"2010-10-13T16:06:34","guid":{"rendered":"http:\/\/nydalen.idrett.no\/wordpress\/?page_id=6"},"modified":"2023-11-19T11:59:36","modified_gmt":"2023-11-19T10:59:36","slug":"barn-ungdom","status":"publish","type":"page","link":"https:\/\/nydalen.idrett.no\/orientering\/barn-ungdom\/","title":{"rendered":"Barn\/ungdom"},"content":{"rendered":"<p>Nydalens Skiklub tilbyr et variert trenings- og orienteringsopplegg for barn og ungdom i alderen 8 til 16 \u00e5r. Opplegget er delt i to grupper; L\u00f8p &amp; Lek, som dekker aldersgruppen 8-12 \u00e5r, og Ungdomsgruppa, som dekker aldersgruppen 13-16 \u00e5r.<\/p>\n<p>F\u00f8lg linkene under for mer info om treninger og aktiviteter i de respektive grupper:<\/p>\n<ul>\n<li><a href=\"http:\/\/nydalen.idrett.no\/orientering\/sportslig\/barnungdom\/rekruttene-8-12-ar\/\">L\u00f8p &amp; Lek 8-12 \u00e5r<\/a><\/li>\n<li><a href=\"http:\/\/nydalen.idrett.no\/orientering\/sportslig\/barnungdom\/ungdom-13-16-ar\/\">Ungdomsgruppa 13-16 \u00e5r<\/a><\/li>\n<\/ul>\n<h2>\u00d8konomiske retningslinjer for o-gruppa<\/h2>\n<p>Det er utarbeidet \u00f8konomiske retningslinjer for virksomheten i o-gruppa: <a href=\"https:\/\/nydalen.idrett.no\/orientering\/intern-info\/\">Okonomiske retningslinjer o-gruppa<\/a><\/p>\n\n\n<h2 class=\"wp-block-heading\">Alle skal med<\/h2>\n\n\n\n<p>Nydalens Skiklub er med i Idrettens samarbeidsutvalg i bydel Nordre Aker og med i initiativet <strong><em>Alle skal med<\/em><\/strong>. Klubbene som er med \u00f8nsker \u00e5 gj\u00f8re skoleelever i Nordre Aker og deres foresatte oppmerksomme p\u00e5 at vi som idrettsklubber i bydelen \u00f8nsker \u00e5 legge til rette for at alle barn, uavhengig av \u00f8konomi, skal kunne delta i aktiv idrett. Har familien en \u00f8konomi som er s\u00e5 utfordrende at du\/dere ikke har r\u00e5d til \u00e5 betale \u00e5rskontingenter, sesongavgifter og utstyr for \u00e5 delta i den idretten som du\/dere \u00f8nsker \u00e5 bedrive, s\u00e5 skal vi v\u00e6re der for dere og legge til rette for at \u00f8konomi ikke skal v\u00e6re en hindring for at du\/dere skal f\u00e5 v\u00e6re med i aktiv idrett sammen med oss.<\/p>\n\n\n\n<p>Har du\/dere \u00f8nske om \u00e5 delta i aktivitet i v\u00e5r klubb, og trenger hjelp med kostnadene ved \u00e5 delta, send da en e-post til klubben. Beskriv i denne e-posten hvem dere er, hvor vi kan n\u00e5 dere (e-post adresse og telefonnummer til foresatte), s\u00e5 forplikter vi oss til \u00e5 ta kontakt med dere for et m\u00f8te hvor vi sammen finner l\u00f8sninger som muliggj\u00f8r at dere kan delta i en idrett.<\/p>\n\n\n\n<p><strong>We want you on our team<\/strong><\/p>\n\n\n\n<p>As a sports club in Nordre Aker, we want to invite school children in Nordre Aker to participate in sports, also children from families with very limited incomes. If your family does not have enough money to pay for membership, season fees and equipment to participate in a sports group, we would like to be there for you to make sure that your child is NOT excluded from participating in sports with us.<\/p>\n\n\n\n<p>If your child wants to participate in sports, but you need help with the costs because of financial difficulties, send an e-mail to the e-mail address above. Explain who you are, how we can reach you (address and telephone numbers of parents\/guardians), in what sports group you want to participate (some clubs offer more than one sport), and we will contact you for a meeting to find a solution together so that your child can become active in a sports group.<\/p>\n","protected":false},"excerpt":{"rendered":"<p>Nydalens Skiklub tilbyr et variert trenings- og orienteringsopplegg for barn og ungdom i alderen 8 til 16 \u00e5r. Opplegget er delt i to grupper; L\u00f8p &amp; Lek, som dekker aldersgruppen 8-12 \u00e5r, og Ungdomsgruppa, som dekker aldersgruppen 13-16 \u00e5r. F\u00f8lg &hellip; <a class=\"more-link\" href=\"https:\/\/nydalen.idrett.no\/orientering\/barn-ungdom\/\">Les videre <span class=\"meta-nav\">&rarr;<\/span><\/a><\/p>\n","protected":false},"author":1,"featured_media":0,"parent":0,"menu_order":0,"comment_status":"closed","ping_status":"closed","template":"onecolumn-page.php","meta":{"footnotes":""},"class_list":["post-6","page","type-page","status-publish","hentry"],"_links":{"self":[{"href":"https:\/\/nydalen.idrett.no\/orientering\/wp-json\/wp\/v2\/pages\/6","targetHints":{"allow":["GET"]}}],"collection":[{"href":"https:\/\/nydalen.idrett.no\/orientering\/wp-json\/wp\/v2\/pages"}],"about":[{"href":"https:\/\/nydalen.idrett.no\/orientering\/wp-json\/wp\/v2\/types\/page"}],"author":[{"embeddable":true,"href":"https:\/\/nydalen.idrett.no\/orientering\/wp-json\/wp\/v2\/users\/1"}],"replies":[{"embeddable":true,"href":"https:\/\/nydalen.idrett.no\/orientering\/wp-json\/wp\/v2\/comments?post=6"}],"version-history":[{"count":38,"href":"https:\/\/nydalen.idrett.no\/orientering\/wp-json\/wp\/v2\/pages\/6\/revisions"}],"predecessor-version":[{"id":19423,"href":"https:\/\/nydalen.idrett.no\/orientering\/wp-json\/wp\/v2\/pages\/6\/revisions\/19423"}],"wp:attachment":[{"href":"https:\/\/nydalen.idrett.no\/orientering\/wp-json\/wp\/v2\/media?parent=6"}],"curies":[{"name":"wp","href":"https:\/\/api.w.org\/{rel}","templated":true}]}}