{"id":46,"date":"2010-10-19T16:43:32","date_gmt":"2010-10-19T14:43:32","guid":{"rendered":"http:\/\/nydalen.idrett.no\/wordpress\/"},"modified":"2022-04-25T22:29:51","modified_gmt":"2022-04-25T20:29:51","slug":"o-lop","status":"publish","type":"page","link":"https:\/\/nydalen.idrett.no\/orientering\/o-lop\/","title":{"rendered":"Aktivitet"},"content":{"rendered":"<p>8-12 \u00e5r: Bli med i <a href=\"https:\/\/nydalen.idrett.no\/orientering\/barn-ungdom\/rekruttene-8-12-ar\/\">L\u00f8p &amp; lek<\/a>.<\/p>\n<p>13-16 \u00e5r: Bli med i <a href=\"https:\/\/nydalen.idrett.no\/orientering\/barn-ungdom\/ungdom-13-16-ar\/\">Ungdomsgruppa<\/a>.<\/p>\n<p>17- \u00e5r: Blir med i <a href=\"https:\/\/nydalen.idrett.no\/orientering\/junior-senior\/\">junior\/senior<\/a>.<\/p>\n<p><span style=\"background-color: #ffffff;\">Terminliste for o-l\u00f8p i Norge finner du p\u00e5 <a href=\"https:\/\/eventor.orientering.no\/Events\">eventor.orientering.no\/Events<\/a>. <\/span><\/p>\n<p>Tur-orientering: <a href=\"https:\/\/turorientering.no\/nydalen\/\">Stifinner&#8217;n og Postjakta<\/a>.<\/p>\n<p>Stolpejakt: <a href=\"https:\/\/www.facebook.com\/stolpejaktenoslonord\/\">Stolpejakten Oslo Nord<\/a>.<\/p>\n\n\n<p><\/p>\n","protected":false},"excerpt":{"rendered":"<p>8-12 \u00e5r: Bli med i L\u00f8p &amp; lek. 13-16 \u00e5r: Bli med i Ungdomsgruppa. 17- \u00e5r: Blir med i junior\/senior. Terminliste for o-l\u00f8p i Norge finner du p\u00e5 eventor.orientering.no\/Events. Tur-orientering: Stifinner&#8217;n og Postjakta. Stolpejakt: Stolpejakten Oslo Nord.<\/p>\n","protected":false},"author":1,"featured_media":0,"parent":0,"menu_order":0,"comment_status":"closed","ping_status":"closed","template":"onecolumn-page.php","meta":{"footnotes":""},"class_list":["post-46","page","type-page","status-publish","hentry"],"_links":{"self":[{"href":"https:\/\/nydalen.idrett.no\/orientering\/wp-json\/wp\/v2\/pages\/46","targetHints":{"allow":["GET"]}}],"collection":[{"href":"https:\/\/nydalen.idrett.no\/orientering\/wp-json\/wp\/v2\/pages"}],"about":[{"href":"https:\/\/nydalen.idrett.no\/orientering\/wp-json\/wp\/v2\/types\/page"}],"author":[{"embeddable":true,"href":"https:\/\/nydalen.idrett.no\/orientering\/wp-json\/wp\/v2\/users\/1"}],"replies":[{"embeddable":true,"href":"https:\/\/nydalen.idrett.no\/orientering\/wp-json\/wp\/v2\/comments?post=46"}],"version-history":[{"count":22,"href":"https:\/\/nydalen.idrett.no\/orientering\/wp-json\/wp\/v2\/pages\/46\/revisions"}],"predecessor-version":[{"id":18283,"href":"https:\/\/nydalen.idrett.no\/orientering\/wp-json\/wp\/v2\/pages\/46\/revisions\/18283"}],"wp:attachment":[{"href":"https:\/\/nydalen.idrett.no\/orientering\/wp-json\/wp\/v2\/media?parent=46"}],"curies":[{"name":"wp","href":"https:\/\/api.w.org\/{rel}","templated":true}]}}