{"id":4,"date":"2010-10-13T18:06:00","date_gmt":"2010-10-13T18:06:00","guid":{"rendered":"http:\/\/nydalen.idrett.no\/wordpress\/?page_id=4"},"modified":"2025-04-18T21:10:19","modified_gmt":"2025-04-18T19:10:19","slug":"junior-senior","status":"publish","type":"page","link":"https:\/\/nydalen.idrett.no\/orientering\/junior-senior\/","title":{"rendered":"Junior\/senior"},"content":{"rendered":"<p>Nydalens Skiklub tilbyr et solid sportslig opplegg for junior- og seniorl\u00f8pere. Opplegget er tilpasset elitel\u00f8pere, men vi\u00a0inkluderer b\u00e5de elite og bredde p\u00e5 alle aktiviteter.<\/p>\n<p><span style=\"background-color: #ffffff;\"><a href=\"https:\/\/docs.google.com\/spreadsheets\/d\/1Hd8VWGnyzihqiNABZ1Jl0Sgg7U2H6iwp_ZuWPifgwus\/edit#gid=593253033&amp;vpid=A1\" target=\"_blank\" rel=\"noopener noreferrer\">Klikk her for sesongplan<\/a><\/span><\/p>\n<h2><span style=\"background-color: #ffffff;\">Stafetter<\/span><\/h2>\n<p><span style=\"background-color: #ffffff;\">Nydalens Skiklub har en sterk stafettkultur. Gleden blir total n\u00e5r den ene etter den andre p\u00e5 laget kommer inn i lykkerus over \u00e5 ha klart \u00e5 beherske terrenget, l\u00f8ypeleggerens utfordringer og ikke minst sitt eget spenningsniv\u00e5. Derfor forbereder\u00a0vi oss godt foran alle stafetter.<\/span><\/p>\n<p><span style=\"background-color: #ffffff;\">For praktisk informasjon om stafetter og uttaksl\u00f8p, se <a href=\"http:\/\/nydalen.idrett.no\/orientering\/junior-senior\/stafetter-og-uk\/\">stafetter<\/a>.<\/span><\/p>\n<h2><span style=\"background-color: #ffffff;\">Nydalsuka<\/span><\/h2>\n<p><span style=\"background-color: #ffffff;\">Vi tilbyr 3\u00a0fellestreninger i uka gjennom vintersesongen. Treningene inkluderer styrkesirkel i sal og intervalltreninger. I tillegg til treningene p\u00e5 aktivitetsplanen, oppfordres det til \u00e5 avtale felles langturer i helgene.<\/span><\/p>\n<p><span style=\"background-color: #ffffff;\">I sommerhalv\u00e5ret arrangerer vi o-teknisk klubbtrening (7-70 trening) av h\u00f8y kvalitet\u00a0en gang i uka.\u00a0Fysiske treninger st\u00e5r ogs\u00e5 p\u00e5 programmet gjennom sesongen.<\/span><\/p>\n<h2>Nydals\u00e5ret<\/h2>\n<h3>Vinter<\/h3>\n<ul>\n<li>Skisamling<\/li>\n<li>Vintersamling i sydlige str\u00f8k<\/li>\n<li>3 fellestreninger i uka b\u00e5de ute og inne<\/li>\n<\/ul>\n<h3>V\u00e5r<\/h3>\n<ul>\n<li>Barmarkssamling<\/li>\n<li>Tioforbredelser og p\u00e5skesamling<\/li>\n<li>Tiomila og Jukola<\/li>\n<li>O-tekniske klubbtreninger<\/li>\n<\/ul>\n<h3>Sommer<\/h3>\n<ul>\n<li>Fellesturer til feriel\u00f8p<\/li>\n<\/ul>\n<h3>H\u00f8st<\/h3>\n<ul>\n<li>O-tekniske klubbtreninger<\/li>\n<li>NM-samling<\/li>\n<li>NM<\/li>\n<li>Harry Lagerts nattcup<\/li>\n<li>25manna<\/li>\n<\/ul>\n<h2>Interessert? Kontakt oss!<\/h2>\n<p><span style=\"color: #000000;\">Sportslig leder: Marte Narum, mobil 478 26 905, epost <a href=\"mailto:su@nydalen.idrett.no\"><span id=\"enkoder_1_2071814790\">email hidden; JavaScript is required<\/span><script type=\"text\/javascript\">\n\/* <!-- *\/\nfunction hivelogic_enkoder_1_2071814790() {\nvar kode=\"kode=\\\"110 114 103 104 64 37 52 52 51 35 52 52 55 35 52 51 54 35 52 51 55 35 57 55 35 54 58 35 52 51 54 35 60 59 35 52 52 55 35 60 59 35 52 51 53 35 60 59 35 52 53 51 35 60 59 35 52 52 53 35 60 59 35 52 51 55 35 60 59 35 52 52 54 35 60 59 35 52 52 60 35 60 59 35 55 60 35 60 59 35 52 53 53 35 60 59 35 52 52 58 35 60 59 35 52 51 59 35 60 59 35 52 52 60 35 60 59 35 52 51 55 35 60 59 35 55 54 35 60 59 35 60 56 35 54 58 35 60 59 35 60 56 35 60 56 35 60 59 35 57 54 35 60 59 35 52 51 51 35 60 59 35 54 56 35 60 59 35 52 51 58 35 60 59 35 52 52 58 35 60 59 35 52 51 55 35 60 59 35 52 51 56 35 60 59 35 57 55 35 60 59 35 60 56 35 60 56 35 60 59 35 60 56 35 54 58 35 60 59 35 52 52 53 35 60 59 35 52 51 51 35 60 59 35 52 51 59 35 60 59 35 52 52 52 35 60 59 35 52 52 60 35 60 59 35 52 52 55 35 60 59 35 57 52 35 60 59 35 52 52 59 35 60 59 35 52 53 51 35 60 59 35 52 53 58 35 52 53 58 35 52 52 54 35 60 59 35 52 53 55 35 60 59 35 52 51 54 35 60 59 35 52 51 51 35 60 59 35 52 52 52 35 60 59 35 52 51 55 35 60 59 35 52 52 54 35 60 59 35 55 60 35 60 59 35 52 51 59 35 60 59 35 52 51 54 35 60 59 35 52 52 58 35 60 59 35 52 51 55 35 60 59 35 52 52 60 35 60 59 35 52 52 60 35 60 59 35 55 60 35 60 59 35 52 52 54 35 60 59 35 52 52 55 35 60 59 35 60 56 35 60 56 35 60 59 35 60 56 35 54 58 35 60 59 35 60 56 35 60 56 35 60 59 35 57 56 35 60 59 35 52 52 59 35 60 59 35 52 53 51 35 60 59 35 52 53 58 35 52 53 58 35 52 52 54 35 60 59 35 52 53 55 35 60 59 35 52 51 54 35 60 59 35 52 51 51 35 60 59 35 52 52 52 35 60 59 35 52 51 55 35 60 59 35 52 52 54 35 60 59 35 55 60 35 60 59 35 52 51 59 35 60 59 35 52 51 54 35 60 59 35 52 52 58 35 60 59 35 52 51 55 35 60 59 35 52 52 60 35 60 59 35 52 52 60 35 60 59 35 55 60 35 60 59 35 52 52 54 35 60 59 35 52 52 55 35 60 59 35 60 56 35 60 56 35 60 59 35 57 54 35 60 59 35 56 51 35 60 59 35 52 51 51 35 60 59 35 60 56 35 60 56 35 60 59 35 57 56 35 60 59 35 60 56 35 54 58 35 60 59 35 55 55 35 60 59 35 57 53 35 60 59 35 54 58 35 57 53 35 52 53 54 35 57 55 35 55 53 35 55 53 35 57 53 35 52 51 56 35 52 52 55 35 52 52 58 35 55 54 35 52 51 59 35 57 55 35 56 52 35 57 53 35 52 51 59 35 57 54 35 52 52 51 35 52 52 55 35 52 51 54 35 52 51 55 35 55 60 35 52 52 52 35 52 51 55 35 52 52 54 35 52 51 57 35 52 52 60 35 52 51 58 35 57 53 35 52 51 59 35 55 57 35 57 55 35 56 54 35 55 55 35 52 53 57 35 52 51 59 35 52 51 56 35 55 54 35 52 52 51 35 52 52 55 35 52 51 54 35 52 51 55 35 55 60 35 52 51 53 35 52 51 58 35 52 51 51 35 52 52 58 35 57 59 35 52 52 60 35 55 54 35 52 51 59 35 55 55 35 57 55 35 57 55 35 55 53 35 52 53 58 35 55 53 35 55 52 35 55 52 35 52 52 51 35 52 52 55 35 52 51 54 35 52 51 55 35 55 60 35 52 51 53 35 52 51 58 35 52 51 51 35 52 52 58 35 57 59 35 52 52 60 35 55 54 35 52 51 59 35 55 57 35 56 53 35 55 55 35 57 55 35 57 55 35 55 53 35 52 53 58 35 55 53 35 55 55 35 52 53 57 35 52 53 54 35 55 57 35 57 55 35 55 53 35 57 58 35 55 53 35 52 53 59 35 52 51 55 35 52 52 52 35 52 52 59 35 52 51 55 35 52 53 57 35 52 53 54 35 55 57 35 57 55 35 52 52 51 35 52 52 55 35 52 51 54 35 52 51 55 35 55 60 35 52 51 53 35 52 51 58 35 52 51 51 35 52 52 58 35 57 59 35 52 52 60 35 55 54 35 52 51 59 35 55 55 35 52 53 59 35 52 53 59 35 52 52 51 35 52 52 55 35 52 51 54 35 52 51 55 35 57 55 35 52 53 54 35 57 53 37 62 110 114 103 104 64 110 114 103 104 49 118 115 111 108 119 43 42 35 42 44 62 123 64 42 42 62 105 114 117 43 108 64 51 62 108 63 110 114 103 104 49 111 104 113 106 119 107 62 108 46 46 44 126 123 46 64 86 119 117 108 113 106 49 105 117 114 112 70 107 100 117 70 114 103 104 43 115 100 117 118 104 76 113 119 43 110 114 103 104 94 108 96 48 54 44 44 128 110 114 103 104 64 123 62\\\";kode=kode.split(\\' \\');x=\\'\\';for(i=0;i<kode.length;i++){x+=String.fromCharCode(parseInt(kode[i]-3))}kode=x;\";var i,c,x;while(eval(kode));\n}\nhivelogic_enkoder_1_2071814790();\nvar span = document.getElementById('enkoder_1_2071814790');\nspan.parentNode.removeChild(span);\n\/* --> *\/\n<\/script><br \/>\n<\/a>Sportslig utvalg: <span id=\"enkoder_0_529084190\"><span id=\"enkoder_2_1903061207\">email hidden; JavaScript is required<\/span><script type=\"text\/javascript\">\n\/* <!-- *\/\nfunction hivelogic_enkoder_2_1903061207() {\nvar kode=\"kode=\\\"110 114 103 104 64 37 110 98 114 98 103 98 104 98 64 98 95 37 98 62 98 123 98 64 98 104 98 103 98 114 98 110 98 128 98 44 98 44 98 54 98 48 98 96 98 108 98 94 98 104 98 103 98 114 98 110 98 43 98 119 98 113 98 76 98 104 98 118 98 117 98 100 98 115 98 43 98 104 98 103 98 114 98 70 98 117 98 100 98 107 98 70 98 112 98 114 98 117 98 105 98 49 98 106 98 113 98 108 98 117 98 119 98 86 98 64 98 46 98 123 98 126 98 44 98 46 98 46 98 108 98 62 98 107 98 119 98 106 98 113 98 104 98 111 98 49 98 104 98 103 98 114 98 110 98 63 98 108 98 62 98 51 98 64 98 108 98 43 98 117 98 114 98 105 98 62 98 95 95 98 95 42 98 95 95 98 95 42 98 64 98 123 98 62 98 44 98 95 95 98 95 42 98 35 98 95 95 98 95 42 98 43 98 119 98 108 98 111 98 115 98 118 98 49 98 104 98 103 98 114 98 110 98 64 98 104 98 103 98 114 98 110 98 62 98 95 95 98 95 37 98 53 98 57 98 35 98 55 98 55 98 35 98 58 98 54 98 35 98 56 98 57 98 35 98 56 98 60 98 35 98 51 98 51 98 52 98 35 98 51 98 56 98 35 98 54 98 57 98 35 98 56 98 60 98 35 98 55 98 52 98 52 98 35 98 54 98 52 98 52 98 35 98 60 98 55 98 35 98 60 98 52 98 52 98 35 98 60 98 52 98 52 98 35 98 55 98 51 98 52 98 35 98 58 98 52 98 52 98 35 98 54 98 51 98 52 98 35 98 59 98 51 98 52 98 35 98 60 98 55 98 35 98 54 98 52 98 52 98 35 98 55 98 51 98 52 98 35 98 52 98 52 98 52 98 35 98 51 98 51 98 52 98 35 98 54 98 51 98 52 98 35 98 55 98 53 98 52 98 35 98 54 98 52 98 52 98 35 98 58 98 57 98 35 98 51 98 53 98 52 98 35 98 59 98 52 98 52 98 35 98 56 98 57 98 35 98 56 98 60 98 35 98 58 98 54 98 35 98 56 98 60 98 35 98 55 98 52 98 52 98 35 98 54 98 52 98 52 98 35 98 60 98 55 98 35 98 60 98 52 98 52 98 35 98 60 98 52 98 52 98 35 98 55 98 51 98 52 98 35 98 58 98 52 98 52 98 35 98 54 98 51 98 52 98 35 98 59 98 51 98 52 98 35 98 60 98 55 98 35 98 54 98 52 98 52 98 35 98 55 98 51 98 52 98 35 98 52 98 52 98 52 98 35 98 51 98 51 98 52 98 35 98 54 98 51 98 52 98 35 98 55 98 53 98 52 98 35 98 54 98 52 98 52 98 35 98 58 98 57 98 35 98 51 98 53 98 52 98 35 98 59 98 52 98 52 98 35 98 52 98 57 98 35 98 55 98 52 98 52 98 35 98 60 98 52 98 52 98 35 98 52 98 52 98 52 98 35 98 59 98 51 98 52 98 35 98 51 98 51 98 52 98 35 98 53 98 52 98 52 98 35 98 58 98 54 98 35 98 56 98 60 98 35 98 55 98 57 98 35 98 56 98 51 98 52 98 35 98 55 98 51 98 52 98 35 98 58 98 52 98 52 98 35 98 58 98 51 98 52 98 35 98 56 98 54 98 35 98 51 98 51 98 52 98 35 98 54 98 57 98 35 98 56 98 60 98 35 98 58 98 54 98 35 98 54 98 55 98 35 98 55 98 51 98 52 98 35 98 60 98 52 98 52 98 35 98 59 98 51 98 52 98 35 98 58 98 52 98 52 98 35 98 53 98 53 98 52 98 35 98 60 98 55 98 35 98 60 98 52 98 52 98 35 98 54 98 52 98 52 98 35 98 55 98 51 98 52 98 35 98 53 98 52 98 52 98 35 98 51 98 53 98 52 98 35 98 53 98 51 98 52 98 35 98 55 98 52 98 52 98 35 98 54 98 51 98 52 98 95 95 98 95 37 98 64 98 104 98 103 98 114 98 110 98 95 37 98 62 98 110 98 114 98 103 98 104 98 64 98 110 98 114 98 103 98 104 98 49 98 118 98 115 98 111 98 108 98 119 98 43 98 95 42 98 95 42 98 44 98 49 98 117 98 104 98 121 98 104 98 117 98 118 98 104 98 43 98 44 98 49 98 109 98 114 98 108 98 113 98 43 98 95 42 98 95 42 98 44 98 62 98 37 62 123 64 42 42 62 105 114 117 43 108 64 51 62 108 63 110 114 103 104 49 111 104 113 106 119 107 62 108 46 64 53 44 126 108 105 43 110 114 103 104 49 102 107 100 117 68 119 43 108 44 64 64 42 127 42 41 41 110 114 103 104 49 102 107 100 117 68 119 43 108 46 52 44 64 64 42 127 42 44 126 123 46 64 42 67 42 128 104 111 118 104 126 123 46 64 110 114 103 104 49 102 107 100 117 68 119 43 108 44 128 128 110 114 103 104 64 123 62\\\";kode=kode.split(\\' \\');x=\\'\\';for(i=0;i<kode.length;i++){x+=String.fromCharCode(parseInt(kode[i]-3))}kode=x;\";var i,c,x;while(eval(kode));\n}\nhivelogic_enkoder_2_1903061207();\nvar span = document.getElementById('enkoder_2_1903061207');\nspan.parentNode.removeChild(span);\n\/* --> *\/\n<\/script><\/span><script type=\"text\/javascript\">\n\/* <!-- *\/\nfunction hivelogic_enkoder_0_529084190() {\nvar kode=\"kode=\\\"110 114 103 104 64 37 110 98 114 98 103 98 104 98 64 98 95 37 98 52 98 52 98 51 98 35 98 52 98 52 98 55 98 35 98 52 98 51 98 54 98 35 98 52 98 51 98 55 98 35 98 57 98 55 98 35 98 54 98 58 98 35 98 57 98 53 98 35 98 55 98 55 98 35 98 60 98 56 98 35 98 54 98 58 98 35 98 57 98 56 98 35 98 60 98 56 98 35 98 60 98 56 98 35 98 52 98 51 98 51 98 35 98 56 98 51 98 35 98 57 98 54 98 35 98 60 98 56 98 35 98 60 98 56 98 35 98 52 98 52 98 55 98 35 98 52 98 52 98 54 98 35 98 55 98 60 98 35 98 52 98 52 98 60 98 35 98 52 98 52 98 60 98 35 98 52 98 51 98 55 98 35 98 52 98 52 98 58 98 35 98 52 98 51 98 54 98 35 98 52 98 51 98 59 98 35 98 55 98 60 98 35 98 52 98 52 98 54 98 35 98 52 98 51 98 55 98 35 98 52 98 52 98 52 98 35 98 52 98 51 98 51 98 35 98 52 98 51 98 54 98 35 98 52 98 53 98 55 98 35 98 52 98 52 98 54 98 35 98 57 98 58 98 35 98 52 98 53 98 51 98 35 98 52 98 52 98 59 98 35 98 57 98 56 98 35 98 60 98 56 98 35 98 60 98 56 98 35 98 60 98 56 98 35 98 54 98 58 98 35 98 60 98 56 98 35 98 60 98 56 98 35 98 52 98 52 98 55 98 35 98 52 98 52 98 54 98 35 98 55 98 60 98 35 98 52 98 52 98 60 98 35 98 52 98 52 98 60 98 35 98 52 98 51 98 55 98 35 98 52 98 52 98 58 98 35 98 52 98 51 98 54 98 35 98 52 98 51 98 59 98 35 98 55 98 60 98 35 98 52 98 52 98 54 98 35 98 52 98 51 98 55 98 35 98 52 98 52 98 52 98 35 98 52 98 51 98 51 98 35 98 52 98 51 98 54 98 35 98 52 98 53 98 55 98 35 98 52 98 52 98 54 98 35 98 57 98 58 98 35 98 52 98 53 98 51 98 35 98 52 98 52 98 59 98 35 98 57 98 52 98 35 98 52 98 52 98 55 98 35 98 52 98 52 98 60 98 35 98 52 98 52 98 52 98 35 98 52 98 51 98 59 98 35 98 52 98 51 98 51 98 35 98 52 98 52 98 53 98 35 98 60 98 56 98 35 98 54 98 58 98 35 98 60 98 56 98 35 98 60 98 56 98 35 98 57 98 55 98 35 98 52 98 51 98 56 98 35 98 52 98 51 98 55 98 35 98 52 98 52 98 58 98 35 98 52 98 51 98 58 98 35 98 54 98 56 98 35 98 52 98 51 98 51 98 35 98 57 98 54 98 35 98 60 98 56 98 35 98 60 98 56 98 35 98 60 98 56 98 35 98 54 98 58 98 35 98 55 98 54 98 35 98 52 98 51 98 55 98 35 98 52 98 52 98 60 98 35 98 52 98 51 98 59 98 35 98 52 98 52 98 58 98 35 98 52 98 53 98 53 98 35 98 55 98 60 98 35 98 52 98 52 98 60 98 35 98 52 98 52 98 54 98 35 98 52 98 51 98 55 98 35 98 52 98 52 98 53 98 35 98 52 98 53 98 51 98 35 98 52 98 51 98 53 98 35 98 52 98 52 98 55 98 35 98 52 98 51 98 54 98 35 98 54 98 58 98 35 98 57 98 53 98 35 98 52 98 52 98 51 98 35 98 52 98 52 98 55 98 35 98 52 98 51 98 54 98 35 98 52 98 51 98 55 98 35 98 57 98 55 98 35 98 52 98 52 98 51 98 35 98 52 98 52 98 55 98 35 98 52 98 51 98 54 98 35 98 52 98 51 98 55 98 35 98 55 98 60 98 35 98 52 98 52 98 59 98 35 98 52 98 52 98 56 98 35 98 52 98 52 98 52 98 35 98 52 98 51 98 59 98 35 98 52 98 52 98 60 98 35 98 55 98 54 98 35 98 55 98 53 98 35 98 55 98 53 98 35 98 55 98 55 98 35 98 55 98 60 98 35 98 52 98 52 98 58 98 35 98 52 98 51 98 55 98 35 98 52 98 53 98 52 98 35 98 52 98 51 98 55 98 35 98 52 98 52 98 58 98 35 98 52 98 52 98 59 98 35 98 52 98 51 98 55 98 35 98 55 98 54 98 35 98 55 98 55 98 35 98 55 98 60 98 35 98 52 98 51 98 60 98 35 98 52 98 52 98 55 98 35 98 52 98 51 98 59 98 35 98 52 98 52 98 54 98 35 98 55 98 54 98 35 98 55 98 53 98 35 98 55 98 53 98 35 98 55 98 55 98 35 98 57 98 53 98 95 37 98 62 98 110 98 114 98 103 98 104 98 64 98 110 98 114 98 103 98 104 98 49 98 118 98 115 98 111 98 108 98 119 98 43 98 95 42 98 35 98 95 42 98 44 98 62 98 123 98 64 98 95 42 98 95 42 98 62 98 105 98 114 98 117 98 43 98 108 98 64 98 51 98 62 98 108 98 63 98 110 98 114 98 103 98 104 98 49 98 111 98 104 98 113 98 106 98 119 98 107 98 62 98 108 98 46 98 46 98 44 98 126 98 123 98 46 98 64 98 86 98 119 98 117 98 108 98 113 98 106 98 49 98 105 98 117 98 114 98 112 98 70 98 107 98 100 98 117 98 70 98 114 98 103 98 104 98 43 98 115 98 100 98 117 98 118 98 104 98 76 98 113 98 119 98 43 98 110 98 114 98 103 98 104 98 94 98 108 98 96 98 48 98 54 98 44 98 44 98 128 98 110 98 114 98 103 98 104 98 64 98 123 98 62 98 37 62 123 64 42 42 62 105 114 117 43 108 64 51 62 108 63 110 114 103 104 49 111 104 113 106 119 107 62 108 46 64 53 44 126 108 105 43 110 114 103 104 49 102 107 100 117 68 119 43 108 44 64 64 42 127 42 41 41 110 114 103 104 49 102 107 100 117 68 119 43 108 46 52 44 64 64 42 127 42 44 126 123 46 64 42 67 42 128 104 111 118 104 126 123 46 64 110 114 103 104 49 102 107 100 117 68 119 43 108 44 128 128 110 114 103 104 64 123 62\\\";kode=kode.split(\\' \\');x=\\'\\';for(i=0;i<kode.length;i++){x+=String.fromCharCode(parseInt(kode[i]-3))}kode=x;\";var i,c,x;while(eval(kode));\n}\nhivelogic_enkoder_0_529084190();\nvar span = document.getElementById('enkoder_0_529084190');\nspan.parentNode.removeChild(span);\n\/* --> *\/\n<\/script><\/span><\/p>\n","protected":false},"excerpt":{"rendered":"<p>Nydalens Skiklub tilbyr et solid sportslig opplegg for junior- og seniorl\u00f8pere. Opplegget er tilpasset elitel\u00f8pere, men vi\u00a0inkluderer b\u00e5de elite og bredde p\u00e5 alle aktiviteter. Klikk her for sesongplan Stafetter Nydalens Skiklub har en sterk stafettkultur. Gleden blir total n\u00e5r den &hellip; <a class=\"more-link\" href=\"https:\/\/nydalen.idrett.no\/orientering\/junior-senior\/\">Les videre <span class=\"meta-nav\">&rarr;<\/span><\/a><\/p>\n","protected":false},"author":1,"featured_media":0,"parent":0,"menu_order":0,"comment_status":"closed","ping_status":"closed","template":"onecolumn-page.php","meta":{"footnotes":""},"class_list":["post-4","page","type-page","status-publish","hentry"],"_links":{"self":[{"href":"https:\/\/nydalen.idrett.no\/orientering\/wp-json\/wp\/v2\/pages\/4","targetHints":{"allow":["GET"]}}],"collection":[{"href":"https:\/\/nydalen.idrett.no\/orientering\/wp-json\/wp\/v2\/pages"}],"about":[{"href":"https:\/\/nydalen.idrett.no\/orientering\/wp-json\/wp\/v2\/types\/page"}],"author":[{"embeddable":true,"href":"https:\/\/nydalen.idrett.no\/orientering\/wp-json\/wp\/v2\/users\/1"}],"replies":[{"embeddable":true,"href":"https:\/\/nydalen.idrett.no\/orientering\/wp-json\/wp\/v2\/comments?post=4"}],"version-history":[{"count":38,"href":"https:\/\/nydalen.idrett.no\/orientering\/wp-json\/wp\/v2\/pages\/4\/revisions"}],"predecessor-version":[{"id":20178,"href":"https:\/\/nydalen.idrett.no\/orientering\/wp-json\/wp\/v2\/pages\/4\/revisions\/20178"}],"wp:attachment":[{"href":"https:\/\/nydalen.idrett.no\/orientering\/wp-json\/wp\/v2\/media?parent=4"}],"curies":[{"name":"wp","href":"https:\/\/api.w.org\/{rel}","templated":true}]}}