{"id":3612,"date":"2011-08-19T20:51:51","date_gmt":"2011-08-19T18:51:51","guid":{"rendered":"http:\/\/nydalen.idrett.no\/orientering\/?page_id=3612"},"modified":"2012-09-02T20:45:56","modified_gmt":"2012-09-02T18:45:56","slug":"dopelope","status":"publish","type":"page","link":"https:\/\/nydalen.idrett.no\/orientering\/arrangementer\/dopelope\/","title":{"rendered":"D\u00f8pel\u00f8pe"},"content":{"rendered":"<p><a href=\"http:\/\/nydalen.idrett.no\/orientering\/wp-content\/uploads\/2011\/08\/d\u00f8pel\u00f8pe12_800.png\"><img loading=\"lazy\" decoding=\"async\" class=\"aligncenter size-full wp-image-7190\" title=\"d\u00f8pel\u00f8pe12_800\" src=\"http:\/\/nydalen.idrett.no\/orientering\/wp-content\/uploads\/2011\/08\/d\u00f8pel\u00f8pe12_800.png\" alt=\"\" width=\"800\" height=\"200\" srcset=\"https:\/\/nydalen.idrett.no\/orientering\/wp-content\/uploads\/2011\/08\/d\u00f8pel\u00f8pe12_800.png 800w, https:\/\/nydalen.idrett.no\/orientering\/wp-content\/uploads\/2011\/08\/d\u00f8pel\u00f8pe12_800-500x125.png 500w\" sizes=\"auto, (max-width: 800px) 100vw, 800px\" \/><\/a><\/p>\n<p style=\"text-align: center;\">Nydalens Skiklubs tradisjonelle<br \/>\n<strong>&#8220;D\u00f8pel\u00f8pe&#8221;<\/strong><br \/>\nEtt v\u00e5tt o-l\u00f8p i Nydalen-land<\/p>\n<p style=\"text-align: center;\">Alle deltakere m\u00e5 v\u00e6re sv\u00f8mmedyktige!<br \/>\nTa med godt med varmt skift og godt hum\u00f8r.<\/p>\n<p style=\"text-align: center;\">F\u00f8lg ogs\u00e5 D\u00f8pel\u00f8pe p\u00e5\u00a0<a href=\"http:\/\/www.facebook.com\/event.php?eid=217143414995464\">Facebook<\/a><\/p>\n<p><strong>D\u00f8pel\u00f8pe 2012<br \/>\n<\/strong>\u00c5rets arrangement gikk av stabelen fra Nedre Blanksj\u00f8 onsdag 29. august.<\/p>\n<p><strong>Resultater:<\/strong><\/p>\n<p><strong>Draug:<\/strong><br \/>\n1 Dagdag 32.45<br \/>\n2 Harald 33.50<br \/>\n3 Magne 34.30<br \/>\n4 Lars Eid 35.35<br \/>\n5 Carl Jo 35.40<br \/>\n6 Ulrik 38.45<br \/>\n7 Thomas 38.50<br \/>\n8 Claus 43.30<br \/>\n8 Lars Tree 43.30<br \/>\n9 Halvor 43.32<br \/>\n10 Mathias 45.00<br \/>\n11 Georg 45.15<br \/>\n12 Nikolai 45.20<br \/>\n13 Eivind 46.20<br \/>\n14 Vegard 46.33<br \/>\n14 Johannes 46.33<br \/>\n15 Gjermund 47.50<br \/>\n15 Magnus 47.50<br \/>\n16 Hans Kristian 48.10<br \/>\n16 Anders 48.10<br \/>\n16 Maiken 48.10<br \/>\n17 Henriette 49.45<br \/>\n18 Peder 52.10<br \/>\n18 Espen 52.10<br \/>\n18 J\u00f8rgen 52.10<br \/>\n18 Elias 52.10<br \/>\n19 Sigurd 53.00<br \/>\n19 Synne 53.00<br \/>\n19 Lukas 53.00<br \/>\n20 Sofie 58.45<br \/>\n20 Maria 58.45<br \/>\n20 Marie 58.45<br \/>\n20 Nora Graf 58.45<br \/>\n20 Louise 58.45<br \/>\n21 Anine 59.40<br \/>\n21 \u00c5se 59.40<br \/>\n22 Anniken 59.55<br \/>\n22 Stina 59.55<br \/>\n23 Tilla 1.18.00<br \/>\n23 Nora Voks 1.18.01<br \/>\nRagnhild dnf<\/p>\n<p><strong>Mygg:<br \/>\n<\/strong>I myggklassen dominerte nyd\u00f8lsjentene klassen. Ingvild, Ingrid, Marte og Frida l\u00f8p sammen og var samlet over m\u00e5l!<\/p>\n<p>\u00c5rets kart og l\u00f8yper vises nedenfor bildene<\/p>\n<p><strong>Bilder fra D\u00f8pel\u00f8pe 2012:<br \/>\n<img loading=\"lazy\" decoding=\"async\" class=\"alignnone size-full wp-image-7209\" title=\"Dope12_startfelt\" src=\"http:\/\/nydalen.idrett.no\/orientering\/wp-content\/uploads\/2011\/08\/Dope12_startfelt.jpg\" alt=\"\" width=\"550\" height=\"474\" srcset=\"https:\/\/nydalen.idrett.no\/orientering\/wp-content\/uploads\/2011\/08\/Dope12_startfelt.jpg 550w, https:\/\/nydalen.idrett.no\/orientering\/wp-content\/uploads\/2011\/08\/Dope12_startfelt-500x430.jpg 500w\" sizes=\"auto, (max-width: 550px) 100vw, 550px\" \/><br \/>\n<\/strong>Startfelt<br \/>\n<img loading=\"lazy\" decoding=\"async\" class=\"alignnone size-full wp-image-7210\" title=\"Dope12_start\" src=\"http:\/\/nydalen.idrett.no\/orientering\/wp-content\/uploads\/2011\/08\/Dope12_start.jpg\" alt=\"\" width=\"550\" height=\"357\" srcset=\"https:\/\/nydalen.idrett.no\/orientering\/wp-content\/uploads\/2011\/08\/Dope12_start.jpg 550w, https:\/\/nydalen.idrett.no\/orientering\/wp-content\/uploads\/2011\/08\/Dope12_start-500x324.jpg 500w\" sizes=\"auto, (max-width: 550px) 100vw, 550px\" \/><br \/>\nStarten har g\u00e5tt<br \/>\n<img loading=\"lazy\" decoding=\"async\" class=\"alignnone size-full wp-image-7211\" title=\"Dope12_myr\" src=\"http:\/\/nydalen.idrett.no\/orientering\/wp-content\/uploads\/2011\/08\/Dope12_myr.jpg\" alt=\"\" width=\"550\" height=\"451\" srcset=\"https:\/\/nydalen.idrett.no\/orientering\/wp-content\/uploads\/2011\/08\/Dope12_myr.jpg 550w, https:\/\/nydalen.idrett.no\/orientering\/wp-content\/uploads\/2011\/08\/Dope12_myr-500x410.jpg 500w\" sizes=\"auto, (max-width: 550px) 100vw, 550px\" \/><br \/>\nVilt og Vakkert &#8230;<br \/>\n<img loading=\"lazy\" decoding=\"async\" class=\"alignnone size-full wp-image-7212\" title=\"Dope12_plask\" src=\"http:\/\/nydalen.idrett.no\/orientering\/wp-content\/uploads\/2011\/08\/Dope12_plask.jpg\" alt=\"\" width=\"550\" height=\"410\" srcset=\"https:\/\/nydalen.idrett.no\/orientering\/wp-content\/uploads\/2011\/08\/Dope12_plask.jpg 550w, https:\/\/nydalen.idrett.no\/orientering\/wp-content\/uploads\/2011\/08\/Dope12_plask-500x372.jpg 500w\" sizes=\"auto, (max-width: 550px) 100vw, 550px\" \/><br \/>\nog V\u00e5tt!! \u00a0O-l\u00f8per forsvunnet &#8211; for en kort stund<br \/>\n<img loading=\"lazy\" decoding=\"async\" class=\"alignnone size-full wp-image-7213\" title=\"Dope12_AM_vann\" src=\"http:\/\/nydalen.idrett.no\/orientering\/wp-content\/uploads\/2011\/08\/Dope12_AM_vann.jpg\" alt=\"\" width=\"550\" height=\"410\" srcset=\"https:\/\/nydalen.idrett.no\/orientering\/wp-content\/uploads\/2011\/08\/Dope12_AM_vann.jpg 550w, https:\/\/nydalen.idrett.no\/orientering\/wp-content\/uploads\/2011\/08\/Dope12_AM_vann-500x372.jpg 500w\" sizes=\"auto, (max-width: 550px) 100vw, 550px\" \/><br \/>\nPost 9: Flytende myr-tust.<br \/>\n<img loading=\"lazy\" decoding=\"async\" class=\"alignnone size-full wp-image-7214\" title=\"Dope12_AM_jenter\" src=\"http:\/\/nydalen.idrett.no\/orientering\/wp-content\/uploads\/2011\/08\/Dope12_AM_jenter.jpg\" alt=\"\" width=\"550\" height=\"356\" srcset=\"https:\/\/nydalen.idrett.no\/orientering\/wp-content\/uploads\/2011\/08\/Dope12_AM_jenter.jpg 550w, https:\/\/nydalen.idrett.no\/orientering\/wp-content\/uploads\/2011\/08\/Dope12_AM_jenter-500x323.jpg 500w\" sizes=\"auto, (max-width: 550px) 100vw, 550px\" \/><br \/>\nTommelen opp for D\u00f8pel\u00f8pe !<\/p>\n<p><a href=\"https:\/\/plus.google.com\/photos\/106294740504978784169\/albums\/5783636628796613057\">Se flere bilder fra 2012 (diverse fotografer)<\/a><\/p>\n<p><strong>Draug-kartet 2012:<\/strong><\/p>\n<p><a href=\"http:\/\/nydalen.idrett.no\/orientering\/wp-content\/uploads\/2011\/08\/D\u00f8pel\u00f8pe1web.jpg\"><img loading=\"lazy\" decoding=\"async\" class=\"alignnone size-full wp-image-7191\" title=\"D\u00f8pel\u00f8pe1web\" src=\"http:\/\/nydalen.idrett.no\/orientering\/wp-content\/uploads\/2011\/08\/D\u00f8pel\u00f8pe1web.jpg\" alt=\"\" width=\"800\" height=\"1133\" srcset=\"https:\/\/nydalen.idrett.no\/orientering\/wp-content\/uploads\/2011\/08\/D\u00f8pel\u00f8pe1web.jpg 800w, https:\/\/nydalen.idrett.no\/orientering\/wp-content\/uploads\/2011\/08\/D\u00f8pel\u00f8pe1web-353x500.jpg 353w, https:\/\/nydalen.idrett.no\/orientering\/wp-content\/uploads\/2011\/08\/D\u00f8pel\u00f8pe1web-679x962.jpg 679w\" sizes=\"auto, (max-width: 800px) 100vw, 800px\" \/><\/a><br \/>\n<strong><\/strong><\/p>\n<p><strong>Mygg-kartet 2012<br \/>\n<a href=\"http:\/\/nydalen.idrett.no\/orientering\/wp-content\/uploads\/2011\/08\/d\u00f8pel\u00f8pe2web.jpg\"><img loading=\"lazy\" decoding=\"async\" class=\"alignnone size-full wp-image-7192\" title=\"d\u00f8pel\u00f8pe2web\" src=\"http:\/\/nydalen.idrett.no\/orientering\/wp-content\/uploads\/2011\/08\/d\u00f8pel\u00f8pe2web.jpg\" alt=\"\" width=\"800\" height=\"1183\" srcset=\"https:\/\/nydalen.idrett.no\/orientering\/wp-content\/uploads\/2011\/08\/d\u00f8pel\u00f8pe2web.jpg 800w, https:\/\/nydalen.idrett.no\/orientering\/wp-content\/uploads\/2011\/08\/d\u00f8pel\u00f8pe2web-338x500.jpg 338w, https:\/\/nydalen.idrett.no\/orientering\/wp-content\/uploads\/2011\/08\/d\u00f8pel\u00f8pe2web-650x962.jpg 650w\" sizes=\"auto, (max-width: 800px) 100vw, 800px\" \/><\/a><\/strong><\/p>\n<p>Arrang\u00f8rene Jonas og Simen takker for oppm\u00f8tet. Velkommen igjen !!<strong><br \/>\n<\/strong><\/p>\n<p><strong>D\u00f8pel\u00f8pe 2011<br \/>\n<\/strong>\u00c5rets D\u00f8pel\u00f8pe er historie; og over 50 deltagere har blitt d\u00f8pt i Orienteringens navn.<\/p>\n<p>I \u00e5r var det vanskelig!\u00a0Vi er imponert at s\u00e5 mange greide \u00e5 fullf\u00f8re og at s\u00e5 mange tok s\u00e5pass mange poster.\u00a0P\u00d8S greide ikke \u00e5 beholde den legendariske Vandrekongla, da &#8220;Siggen&#8221; m\u00e5tte f\u00e5 barna i seng, og l\u00f8p s\u00e5 det luktet svidd!<\/p>\n<p>I myggl\u00f8ypa var det 15 startende, og i\u00e5r er alle vinnere!<\/p>\n<p><strong>Resultater Draug<\/strong><br \/>\n1. Sigve V\u00e5g<br \/>\n2. P\u00f8s Tene<br \/>\n3. Anders Bjerg<br \/>\n4. Carl Jo<br \/>\n5. Lars EN<br \/>\n6. Olai Lille<br \/>\n7. Erik Ols Deng<br \/>\n8. Eivind H\u00f8y<br \/>\n9. Elias Wik<br \/>\n10. Ulrik AA<br \/>\n11. Claus M<br \/>\n12. Vebj\u00f8rn Tan, Jarl Magnus<br \/>\n14. Harald AA, Lars T<br \/>\n16. Oskar St\u00f8rm<br \/>\n17. Stine MB<br \/>\n18. Solveig HegK<br \/>\n19. Ingvild W<br \/>\n20. Sigurd<br \/>\n21. Stina LysSand, Anikken Aa, Karen Bjerg, Oda L\u00e6g, Johanne L\u00e6g<br \/>\n26. Sofie Wiki, Louise, Anna, Stine N, Maria<br \/>\n31. \u00a0NoraW, OdaSik, NikolaiKS, \u00c5seBerg, Maiken LysSand<\/p>\n<p><strong>Resultater Mygg<\/strong><br \/>\n(kommer)<\/p>\n<p><strong>Bilder<\/strong><br \/>\n<a href=\"http:\/\/nydalen.idrett.no\/orientering\/wp-content\/uploads\/2011\/08\/Dope_Myggs.jpg\"><img loading=\"lazy\" decoding=\"async\" class=\"alignnone size-full wp-image-4205\" title=\"Dope_Myggs\" src=\"http:\/\/nydalen.idrett.no\/orientering\/wp-content\/uploads\/2011\/08\/Dope_Myggs.jpg\" alt=\"\" width=\"500\" height=\"323\" \/><br \/>\n<\/a>Lovende l\u00f8pere<br \/>\n<a href=\"http:\/\/nydalen.idrett.no\/orientering\/wp-content\/uploads\/2011\/08\/Dope_Marte.jpg\"><img loading=\"lazy\" decoding=\"async\" class=\"alignnone size-full wp-image-4206\" title=\"Dope_Marte\" src=\"http:\/\/nydalen.idrett.no\/orientering\/wp-content\/uploads\/2011\/08\/Dope_Marte.jpg\" alt=\"\" width=\"500\" height=\"323\" \/><br \/>\nT<\/a>ypisk D\u00f8pel\u00f8pspost<\/p>\n<p><a href=\"http:\/\/nydalen.idrett.no\/orientering\/wp-content\/uploads\/2011\/08\/Dope_POS.jpg\"><img loading=\"lazy\" decoding=\"async\" class=\"alignnone size-full wp-image-4207\" title=\"Dope_POS\" src=\"http:\/\/nydalen.idrett.no\/orientering\/wp-content\/uploads\/2011\/08\/Dope_POS.jpg\" alt=\"\" width=\"500\" height=\"367\" \/><\/a><br \/>\nTypisk D\u00f8pel\u00f8pel\u00f8per<\/p>\n<p><strong>Takk for innsatsen!<br \/>\n<\/strong>Arrangementskomiteen lover \u00e5 komme enda sterkere tilbake neste \u00e5r<\/p>\n<p>Aksel, Jonas og Simen<\/p>\n<p><strong>\u00c5rets Kart:<br \/>\n<a href=\"http:\/\/nydalen.idrett.no\/orientering\/arrangementer\/dopelope\/draug_rot600-2\/\" rel=\"attachment wp-att-3799\"><img loading=\"lazy\" decoding=\"async\" class=\"alignnone size-full wp-image-3799\" title=\"Draug_Rot600\" src=\"http:\/\/nydalen.idrett.no\/orientering\/wp-content\/uploads\/2011\/08\/Draug_Rot6001.jpg\" alt=\"\" width=\"600\" height=\"849\" srcset=\"https:\/\/nydalen.idrett.no\/orientering\/wp-content\/uploads\/2011\/08\/Draug_Rot6001.jpg 600w, https:\/\/nydalen.idrett.no\/orientering\/wp-content\/uploads\/2011\/08\/Draug_Rot6001-353x500.jpg 353w\" sizes=\"auto, (max-width: 600px) 100vw, 600px\" \/><\/a><br \/>\n<\/strong><\/p>\n<p><strong>\u00a0<a href=\"http:\/\/nydalen.idrett.no\/orientering\/arrangementer\/dopelope\/mygg600\/\" rel=\"attachment wp-att-3800\"><img loading=\"lazy\" decoding=\"async\" class=\"alignnone size-full wp-image-3800\" title=\"Mygg600\" src=\"http:\/\/nydalen.idrett.no\/orientering\/wp-content\/uploads\/2011\/08\/Mygg600.jpg\" alt=\"\" width=\"600\" height=\"516\" srcset=\"https:\/\/nydalen.idrett.no\/orientering\/wp-content\/uploads\/2011\/08\/Mygg600.jpg 600w, https:\/\/nydalen.idrett.no\/orientering\/wp-content\/uploads\/2011\/08\/Mygg600-500x430.jpg 500w\" sizes=\"auto, (max-width: 600px) 100vw, 600px\" \/><\/a><\/strong><\/p>\n<p><strong>D\u00f8pel\u00f8pe 2010<\/strong><\/p>\n<p>Se reportasje fra fjor\u00e5rets arrangement\u00a0<a href=\"http:\/\/nydalen.idrett.no\/orientering\/2010\/08\/28\/d%C3%B8pel%C3%B8pe-2010-vilt-vakkert-og-vatt\/#more-1010\">D\u00f8pel\u00f8pe 2010<\/a><\/p>\n<p><a href=\"http:\/\/nydalen.idrett.no\/orientering\/2011\/08\/13\/klart-for-dopelope\/dope_4_600\/\" rel=\"attachment wp-att-3514\"><img loading=\"lazy\" decoding=\"async\" title=\"Dope_4_600\" src=\"http:\/\/nydalen.idrett.no\/orientering\/wp-content\/uploads\/2011\/08\/Dope_4_600.jpg\" alt=\"\" width=\"600\" height=\"450\" \/><\/a><\/p>\n","protected":false},"excerpt":{"rendered":"<p>Nydalens Skiklubs tradisjonelle &#8220;D\u00f8pel\u00f8pe&#8221; Ett v\u00e5tt o-l\u00f8p i Nydalen-land Alle deltakere m\u00e5 v\u00e6re sv\u00f8mmedyktige! Ta med godt med varmt skift og godt hum\u00f8r. F\u00f8lg ogs\u00e5 D\u00f8pel\u00f8pe p\u00e5\u00a0Facebook D\u00f8pel\u00f8pe 2012 \u00c5rets arrangement gikk av stabelen fra Nedre Blanksj\u00f8 onsdag 29. august. &hellip; <a class=\"more-link\" href=\"https:\/\/nydalen.idrett.no\/orientering\/arrangementer\/dopelope\/\">Les videre <span class=\"meta-nav\">&rarr;<\/span><\/a><\/p>\n","protected":false},"author":1,"featured_media":0,"parent":136,"menu_order":0,"comment_status":"closed","ping_status":"closed","template":"onecolumn-page.php","meta":{"footnotes":""},"class_list":["post-3612","page","type-page","status-publish","hentry"],"_links":{"self":[{"href":"https:\/\/nydalen.idrett.no\/orientering\/wp-json\/wp\/v2\/pages\/3612","targetHints":{"allow":["GET"]}}],"collection":[{"href":"https:\/\/nydalen.idrett.no\/orientering\/wp-json\/wp\/v2\/pages"}],"about":[{"href":"https:\/\/nydalen.idrett.no\/orientering\/wp-json\/wp\/v2\/types\/page"}],"author":[{"embeddable":true,"href":"https:\/\/nydalen.idrett.no\/orientering\/wp-json\/wp\/v2\/users\/1"}],"replies":[{"embeddable":true,"href":"https:\/\/nydalen.idrett.no\/orientering\/wp-json\/wp\/v2\/comments?post=3612"}],"version-history":[{"count":36,"href":"https:\/\/nydalen.idrett.no\/orientering\/wp-json\/wp\/v2\/pages\/3612\/revisions"}],"predecessor-version":[{"id":3628,"href":"https:\/\/nydalen.idrett.no\/orientering\/wp-json\/wp\/v2\/pages\/3612\/revisions\/3628"}],"up":[{"embeddable":true,"href":"https:\/\/nydalen.idrett.no\/orientering\/wp-json\/wp\/v2\/pages\/136"}],"wp:attachment":[{"href":"https:\/\/nydalen.idrett.no\/orientering\/wp-json\/wp\/v2\/media?parent=3612"}],"curies":[{"name":"wp","href":"https:\/\/api.w.org\/{rel}","templated":true}]}}