{"id":17992,"date":"2021-11-14T11:28:24","date_gmt":"2021-11-14T10:28:24","guid":{"rendered":"https:\/\/nydalen.idrett.no\/orientering\/?page_id=17992"},"modified":"2021-11-14T11:32:48","modified_gmt":"2021-11-14T10:32:48","slug":"hedersbevisninger","status":"publish","type":"page","link":"https:\/\/nydalen.idrett.no\/orientering\/hedersbevisninger\/","title":{"rendered":"Hedersbevisninger"},"content":{"rendered":"\n<p>Statuttene for utdeling av Nydalens SKiklubs hedersbevisninger er fra 1945 (med sm\u00e5 justeringer i 1980).<\/p>\n\n\n\n<p>&#8220;Fortjenestemedaljen, tildeles medlemmer for helt fremragende idrettsprestasjoner utad gjennom flere \u00e5r, eller s\u00e6rlig virksomt og fortjenstfullt arbeid for klubben gjennom mange \u00e5r.&#8221;<\/p>\n\n\n\n<p>I nyere tid er fortjenestemedaljen i praksis erstattet med et likestilt \u00e6resmedlemskap.<\/p>\n\n\n\n<p>F\u00f8lgende personer er tildelt fortjenestemedalje\/ \u00e6resmedlemskap:<\/p>\n\n\n\n<figure class=\"wp-block-table\"><table><tbody><tr><td>\u00c5r<\/td><td>Navn<\/td><\/tr><tr><td>2021<\/td><td>Jon Petter Nielsen<\/td><\/tr><tr><td>2021<\/td><td>Maria Jonsson<\/td><\/tr><tr><td>2021<\/td><td>S\u00f6ren Jonsson<\/td><\/tr><tr><td>2020<\/td><td>\u00d8ivind Due Trier<\/td><\/tr><tr><td>2019<\/td><td>Helge Stubberud<\/td><\/tr><tr><td>2019<\/td><td>Anne Margrethe Hauske Nordberg<\/td><\/tr><tr><td>2016<\/td><td>Jon Iver Bakken<\/td><\/tr><tr><td>2013<\/td><td>Marianne Andersen<\/td><\/tr><tr><td>2008<\/td><td>Anne Berit Eid<\/td><\/tr><tr><td>2008<\/td><td>Atle S\u00f8rskogen<\/td><\/tr><tr><td>2002<\/td><td>Elisabeth Ingvaldsen<\/td><\/tr><tr><td>2002<\/td><td>Carl Henrik Bj\u00f8rseh<\/td><\/tr><tr><td>2002<\/td><td>Kim Farnes Hansen<\/td><\/tr><tr><td>2000<\/td><td>Lasse Halvorsen<\/td><\/tr><tr><td>1997<\/td><td>Erlend Slokvik<\/td><\/tr><tr><td>ukjent<\/td><td>Anne Karin Engebretsen<\/td><\/tr><tr><td>ukjent<\/td><td>Inger Johanne Pedersen<\/td><\/tr><tr><td>ukjent<\/td><td>Liv Nyborg<\/td><\/tr><tr><td>ukjent<\/td><td>Bj\u00f8rn Kj\u00e6rnsli<\/td><\/tr><tr><td>1994<\/td><td>Fred Borg<\/td><\/tr><tr><td>1994<\/td><td>Ola Bratland<\/td><\/tr><tr><td>1988<\/td><td>Synn\u00f8ve (Sunni) Aker<\/td><\/tr><tr><td>1987<\/td><td>Odd Kvingedal<\/td><\/tr><tr><td>1986<\/td><td>Erna Larsen<\/td><\/tr><tr><td>1986<\/td><td>Grethe Karlsen<\/td><\/tr><tr><td>1986<\/td><td>\u00c5se Scharp<\/td><\/tr><tr><td>1986<\/td><td>Knut Andersen<\/td><\/tr><tr><td>1983<\/td><td>Inga Halvorsen<\/td><\/tr><tr><td>1983<\/td><td>Ruth Borglin<\/td><\/tr><tr><td>1981<\/td><td>Hans L\u00f8kken<\/td><\/tr><tr><td>1980<\/td><td>Randi Bratlie<\/td><\/tr><tr><td>1979<\/td><td>Gunnar Andersen<\/td><\/tr><tr><td>1979<\/td><td>Arne Adolfson<\/td><\/tr><tr><td>1977<\/td><td>Odd Wiig<\/td><\/tr><tr><td>1977<\/td><td>Leif Sundberg<\/td><\/tr><tr><td>1976<\/td><td>Thordis Haas<\/td><\/tr><tr><td>1971<\/td><td>Arne Albe<\/td><\/tr><tr><td>1970<\/td><td>Bj\u00f8rner Velund<\/td><\/tr><tr><td>1968<\/td><td>Knut Larsen<\/td><\/tr><tr><td>1967<\/td><td>Torbj\u00f8rn Ruste<\/td><\/tr><tr><td>1967<\/td><td>\u00d8ivind Halvorsen<\/td><\/tr><tr><td>1965<\/td><td>Odd Fl\u00f8ymo<\/td><\/tr><tr><td>1964<\/td><td>Arne Scharp<\/td><\/tr><tr><td>1964<\/td><td>Arne Barhaugen<\/td><\/tr><tr><td>1961<\/td><td>Nydalens Compagnie<\/td><\/tr><tr><td>1961<\/td><td>Harry Lagert<\/td><\/tr><tr><td>1961<\/td><td>Ragnar Halden<\/td><\/tr><tr><td>1961<\/td><td>Bjarne Bjercke<\/td><\/tr><tr><td>1956<\/td><td>Karl Scharp<\/td><\/tr><tr><td>1953<\/td><td>Christiania Spigerverk<\/td><\/tr><tr><td>1951<\/td><td>Lyder Knudsen<\/td><\/tr><tr><td>1950<\/td><td>Arne Gr\u00f8nli<\/td><\/tr><tr><td>1949<\/td><td>Andreas Hverven<\/td><\/tr><tr><td>1949<\/td><td>Rolf Hverven<\/td><\/tr><tr><td>1949<\/td><td>Bjarne Ros\u00e9n<\/td><\/tr><tr><td>1948<\/td><td>Gunnar Hermansen<\/td><\/tr><tr><td>1941<\/td><td>Lorang Andersen<\/td><\/tr><tr><td>1941<\/td><td>Paul Christoffersen<\/td><\/tr><tr><td>1939<\/td><td>Robert Larsen<\/td><\/tr><tr><td>1938<\/td><td>Carl Nilsen<\/td><\/tr><tr><td>1937<\/td><td>&nbsp;Rolf Jansen<\/td><\/tr><tr><td>1936<\/td><td>Thorleif Hansen (Granli)<\/td><\/tr><tr><td>1936<\/td><td>Daniel Jenssveen<\/td><\/tr><tr><td>1936<\/td><td>Ivar S. Dahl<\/td><\/tr><tr><td>1935<\/td><td>Hjalmar Johnsen<\/td><\/tr><tr><td>1934<\/td><td>Hans Olsen<\/td><\/tr><tr><td>1933<\/td><td>Karl Engh<\/td><\/tr><tr><td>1931<\/td><td>Oscar Forsberg<\/td><\/tr><tr><td>1930<\/td><td>Harald Andersen<\/td><\/tr><tr><td>1926<\/td><td>Karl Andersen<\/td><\/tr><tr><td>1925<\/td><td>Olaf Anthonsen<\/td><\/tr><tr><td>1919<\/td><td>Martin Jocumsen<\/td><\/tr><tr><td>1918<\/td><td>Wic Anderson<\/td><\/tr><tr><td>1917<\/td><td>J\u00f8rgen Hansen<\/td><\/tr><tr><td>1914<\/td><td>Alfred Andersen<\/td><\/tr><tr><td>1911<\/td><td>Hans Johansen<\/td><\/tr><\/tbody><\/table><figcaption>\u00c6resmedlemmer i Nydalens Skiklub<\/figcaption><\/figure>\n","protected":false},"excerpt":{"rendered":"<p>Statuttene for utdeling av Nydalens SKiklubs hedersbevisninger er fra 1945 (med sm\u00e5 justeringer i 1980). &#8220;Fortjenestemedaljen, tildeles medlemmer for helt fremragende idrettsprestasjoner utad gjennom flere \u00e5r, eller s\u00e6rlig virksomt og fortjenstfullt arbeid for klubben gjennom mange \u00e5r.&#8221; I nyere tid &hellip; <a class=\"more-link\" href=\"https:\/\/nydalen.idrett.no\/orientering\/hedersbevisninger\/\">Les videre <span class=\"meta-nav\">&rarr;<\/span><\/a><\/p>\n","protected":false},"author":58,"featured_media":0,"parent":0,"menu_order":0,"comment_status":"closed","ping_status":"closed","template":"onecolumn-page.php","meta":{"footnotes":""},"class_list":["post-17992","page","type-page","status-publish","hentry"],"_links":{"self":[{"href":"https:\/\/nydalen.idrett.no\/orientering\/wp-json\/wp\/v2\/pages\/17992","targetHints":{"allow":["GET"]}}],"collection":[{"href":"https:\/\/nydalen.idrett.no\/orientering\/wp-json\/wp\/v2\/pages"}],"about":[{"href":"https:\/\/nydalen.idrett.no\/orientering\/wp-json\/wp\/v2\/types\/page"}],"author":[{"embeddable":true,"href":"https:\/\/nydalen.idrett.no\/orientering\/wp-json\/wp\/v2\/users\/58"}],"replies":[{"embeddable":true,"href":"https:\/\/nydalen.idrett.no\/orientering\/wp-json\/wp\/v2\/comments?post=17992"}],"version-history":[{"count":1,"href":"https:\/\/nydalen.idrett.no\/orientering\/wp-json\/wp\/v2\/pages\/17992\/revisions"}],"predecessor-version":[{"id":17993,"href":"https:\/\/nydalen.idrett.no\/orientering\/wp-json\/wp\/v2\/pages\/17992\/revisions\/17993"}],"wp:attachment":[{"href":"https:\/\/nydalen.idrett.no\/orientering\/wp-json\/wp\/v2\/media?parent=17992"}],"curies":[{"name":"wp","href":"https:\/\/api.w.org\/{rel}","templated":true}]}}