{"id":17671,"date":"2021-03-21T21:28:35","date_gmt":"2021-03-21T20:28:35","guid":{"rendered":"https:\/\/nydalen.idrett.no\/orientering\/?page_id=17671"},"modified":"2026-03-22T15:47:15","modified_gmt":"2026-03-22T14:47:15","slug":"sesongplan-lop-lek","status":"publish","type":"page","link":"https:\/\/nydalen.idrett.no\/orientering\/barn-ungdom\/rekruttene-8-12-ar\/sesongplan-lop-lek\/","title":{"rendered":"Sesongplan L\u00f8p &amp; Lek 2026"},"content":{"rendered":"\n<h2 class=\"wp-block-heading\">Treninger<\/h2>\n\n\n\n<figure class=\"wp-block-table\"><table><tbody><tr><td><strong>Dato<\/strong><\/td><td><strong>Dag<\/strong><\/td><td><strong>Tid<\/strong><\/td><td><strong>Sted<\/strong><\/td><td><strong>Aktivitet<\/strong><\/td><td><strong>Ansvarlig<\/strong><\/td><\/tr><tr><td>08.04<\/td><td>Onsdag<\/td><td>1800-1915<\/td><td>Frysja<\/td><td>L\u00f8p &amp; Lek<\/td><td>2014<\/td><\/tr><tr><td>15.04<\/td><td>Onsdag<\/td><td>1800-1915<\/td><td>Kringsj\u00e5<\/td><td>L\u00f8p &amp; Lek<\/td><td>2015<\/td><\/tr><tr><td>23.04<\/td><td>Onsdag<\/td><td>1800-1915<\/td><td>Kollbanen<\/td><td>L\u00f8p &amp; Lek<\/td><td>2016<\/td><\/tr><tr><td>29.04<\/td><td>Onsdag<\/td><td>1800-1915<\/td><td>Maridalen skole<\/td><td>L\u00f8p &amp; Lek + foreldrekurs<\/td><td>2017<\/td><\/tr><tr><td>06.05<\/td><td>Onsdag<\/td><td>1800-1915<\/td><td><em>Ikke bestemt<\/em><\/td><td>Klubbcup<\/td><td>NSK<\/td><\/tr><tr><td>13.05<\/td><td>Onsdag<\/td><td>1800-1915<\/td><td>Grinda<\/td><td>L\u00f8p &amp; Lek<\/td><td>2018<\/td><\/tr><tr><td>20.05<\/td><td>Onsdag<\/td><td>1800-1915<\/td><td>Solemskogen<\/td><td>L\u00f8p &amp; Lek <\/td><td>2014<\/td><\/tr><tr><td>27.05<\/td><td>Onsdag<\/td><td>1800-1915<\/td><td>L\u00e5keberget<\/td><td>L\u00f8p &amp; Lek + foreldrekurs<\/td><td>2015<\/td><\/tr><tr><td>03.06<\/td><td>Onsdag<\/td><td>1800-1915<\/td><td><em>Ikke bestemt<\/em><\/td><td>Klubbcup<\/td><td>NSK<\/td><\/tr><tr><td>10.06<\/td><td>Onsdag<\/td><td>1800-1915<\/td><td>Sandermosen<\/td><td>L\u00f8p &amp; Lek<\/td><td>2016<\/td><\/tr><tr><td>17.06<\/td><td>Onsdag<\/td><td>1800-1915<\/td><td>Sognsvann s\u00f8rvest<\/td><td>Sommeravslutning<\/td><td>2017<\/td><\/tr><tr><td><\/td><td><\/td><td><\/td><td><em>Sommerferie<\/em><\/td><td><\/td><td><\/td><\/tr><tr><td>19.08<\/td><td>Onsdag<\/td><td>1800-1915<\/td><td>Maridalen skole<\/td><td>L\u00f8p &amp; Lek + foreldrekurs<\/td><td>2018<\/td><\/tr><tr><td>26.08<\/td><td>Onsdag<\/td><td>1800-1915<\/td><td><em>Ikke bestemt<\/em><\/td><td>Klubbmesterskap<\/td><td>NSK<\/td><\/tr><tr><td>02.09<\/td><td>Onsdag<\/td><td>1800-1915<\/td><td>Trollvann<\/td><td>L\u00f8p &amp; Lek<\/td><td>2014<\/td><\/tr><tr><td>09.09<\/td><td>Onsdag<\/td><td>1800-1915<\/td><td>Sandermosen<\/td><td>L\u00f8p &amp; Lek<\/td><td>2015<\/td><\/tr><tr><td>16.09<\/td><td>Onsdag<\/td><td>1800-1915<\/td><td>Langsetl\u00f8kka<\/td><td>L\u00f8p &amp; Lek<\/td><td>2016<\/td><\/tr><tr><td>23.09<\/td><td>Onsdag<\/td><td>1800-1915<\/td><td>Linderudkollen<\/td><td>Sesongavslutning<\/td><td>2017<\/td><\/tr><\/tbody><\/table><\/figure>\n\n\n\n<p><\/p>\n\n\n\n<h2 class=\"wp-block-heading\">Samlinger\/turer<\/h2>\n\n\n\n<figure class=\"wp-block-table\"><table><tbody><tr><td>For 8-9 \u00e5ringene<\/td><td>?<\/td><td>O-dag \/ dagssamling?<\/td><\/tr><tr><td>For 10-12 \u00e5ringene<\/td><td>15. &#8211; 16. august<\/td><td>Klubbleir Nydalshytta<\/td><\/tr><tr><td>For 10-12 \u00e5ringene<\/td><td>22. &#8211; 23. august<\/td><td>O-troll-leir med andre klubber i Oslo og omegn (Fet o-lag arrangerer)<\/td><\/tr><tr><td>For 11-12 \u00e5ringene<\/td><td>17. oktober<\/td><td>Blodslitet (o-l\u00f8p med fellesstart, pizza og badeland).<\/td><\/tr><\/tbody><\/table><\/figure>\n\n\n\n<h2 class=\"wp-block-heading\">Aktuelle orienteringsl\u00f8p<\/h2>\n\n\n\n<p>P\u00e5melding og info om alle o-l\u00f8p i Norge finnes i <strong>Eventor<\/strong>: <a href=\"http:\/\/eventor.orientering.no\">http:\/\/eventor.orientering.no<\/a><\/p>\n\n\n\n<p>Her er listet opp et utvalg lokale l\u00f8p i Oslo og omegn.<\/p>\n\n\n\n<figure class=\"wp-block-table\"><table><tbody><tr><td><strong>Dato<\/strong><\/td><td><strong>Dag<\/strong><\/td><td><strong>Hva<\/strong><\/td><td><strong>Hvor<\/strong><\/td><td><strong>Kommentar<\/strong><\/td><\/tr><tr><td>april &#8211; mai<\/td><td>Tirsdager<\/td><td>Oslo City Cup (sprint), i alt 5 l\u00f8p<\/td><td>Oslo<\/td><td>For alle<\/td><\/tr><tr><td>10.05<\/td><td>L\u00f8rdag<\/td><td>Nydalten (Kringsj\u00e5\/Sognsvann)<\/td><td>Oslo <\/td><td>For alle<\/td><\/tr><tr><td>16.05<\/td><td>L\u00f8rdag<\/td><td>Koll mellomdistanse (Kollbanen)<\/td><td>Oslo<\/td><td>For alle<\/td><\/tr><tr><td>31.05<\/td><td>S\u00f8ndag<\/td><td>Groml\u00f8pet (Lillomarka)<\/td><td>Oslo<\/td><td>For alle<\/td><\/tr><tr><td>06.06<\/td><td>L\u00f8rdag<\/td><td>15-stafetten\/R\u00e5tasskonkurransen (Oppsal)<\/td><td>Oslo<\/td><td>For alle<\/td><\/tr><tr><td>07.06<\/td><td>S\u00f8ndag<\/td><td>Knut Valstads minnel\u00f8p (Oppsal)<\/td><td>Oslo<\/td><td>For alle<\/td><\/tr><tr><td><\/td><td><\/td><td><\/td><td><\/td><td><\/td><\/tr><tr><td>22.08<\/td><td>L\u00f8rdag<\/td><td>Hemingl\u00f8pet<\/td><td>Oslo<\/td><td>For alle<\/td><\/tr><tr><td>29.08<\/td><td>L\u00f8rdag<\/td><td>KM lang<\/td><td>Nordre Follo<\/td><td>For alle<\/td><\/tr><tr><td>19.09<\/td><td>L\u00f8rdag<\/td><td>O-trollfestivalen (Lillomarka)<\/td><td>Oslo<\/td><td>For alle<\/td><\/tr><tr><td>07.11<\/td><td>L\u00f8rdag<\/td><td>Trollnatta (Kollbanen)<\/td><td>Oslo<\/td><td>For alle<\/td><\/tr><\/tbody><\/table><\/figure>\n\n\n\n<p><\/p>\n","protected":false},"excerpt":{"rendered":"<p>Treninger Dato Dag Tid Sted Aktivitet Ansvarlig 08.04 Onsdag 1800-1915 Frysja L\u00f8p &amp; Lek 2014 15.04 Onsdag 1800-1915 Kringsj\u00e5 L\u00f8p &amp; Lek 2015 23.04 Onsdag 1800-1915 Kollbanen L\u00f8p &amp; Lek 2016 29.04 Onsdag 1800-1915 Maridalen skole L\u00f8p &amp; Lek + &hellip; <a class=\"more-link\" href=\"https:\/\/nydalen.idrett.no\/orientering\/barn-ungdom\/rekruttene-8-12-ar\/sesongplan-lop-lek\/\">Les videre <span class=\"meta-nav\">&rarr;<\/span><\/a><\/p>\n","protected":false},"author":13,"featured_media":0,"parent":62,"menu_order":0,"comment_status":"closed","ping_status":"closed","template":"onecolumn-page.php","meta":{"footnotes":""},"class_list":["post-17671","page","type-page","status-publish","hentry"],"_links":{"self":[{"href":"https:\/\/nydalen.idrett.no\/orientering\/wp-json\/wp\/v2\/pages\/17671","targetHints":{"allow":["GET"]}}],"collection":[{"href":"https:\/\/nydalen.idrett.no\/orientering\/wp-json\/wp\/v2\/pages"}],"about":[{"href":"https:\/\/nydalen.idrett.no\/orientering\/wp-json\/wp\/v2\/types\/page"}],"author":[{"embeddable":true,"href":"https:\/\/nydalen.idrett.no\/orientering\/wp-json\/wp\/v2\/users\/13"}],"replies":[{"embeddable":true,"href":"https:\/\/nydalen.idrett.no\/orientering\/wp-json\/wp\/v2\/comments?post=17671"}],"version-history":[{"count":63,"href":"https:\/\/nydalen.idrett.no\/orientering\/wp-json\/wp\/v2\/pages\/17671\/revisions"}],"predecessor-version":[{"id":20693,"href":"https:\/\/nydalen.idrett.no\/orientering\/wp-json\/wp\/v2\/pages\/17671\/revisions\/20693"}],"up":[{"embeddable":true,"href":"https:\/\/nydalen.idrett.no\/orientering\/wp-json\/wp\/v2\/pages\/62"}],"wp:attachment":[{"href":"https:\/\/nydalen.idrett.no\/orientering\/wp-json\/wp\/v2\/media?parent=17671"}],"curies":[{"name":"wp","href":"https:\/\/api.w.org\/{rel}","templated":true}]}}