{"id":16626,"date":"2019-05-17T20:23:35","date_gmt":"2019-05-17T18:23:35","guid":{"rendered":"https:\/\/nydalen.idrett.no\/orientering\/?page_id=16626"},"modified":"2019-05-26T21:48:17","modified_gmt":"2019-05-26T19:48:17","slug":"kart-for-nedlasting","status":"publish","type":"page","link":"https:\/\/nydalen.idrett.no\/orientering\/arrangementer\/nm-sprint-2019\/kart-for-nedlasting\/","title":{"rendered":"Kart for nedlasting"},"content":{"rendered":"\n<h3 class=\"wp-block-heading\">L\u00f8pskart kan lastes ned fra Livelox:<\/h3>\n\n\n\n<ul class=\"wp-block-list\"><li><a rel=\"noreferrer noopener\" aria-label=\"Kvalifisering l\u00f8rdag 25. mai (\u00e5pner i en ny fane)\" href=\"https:\/\/www.livelox.com\/Events\/Show\/39290\/NM-sprint-Kvalifisering?\" target=\"_blank\">Kvalifisering l\u00f8rdag 25. mai<\/a><\/li><li>Finale l\u00f8rdag 25. mai<\/li><li>Stafett s\u00f8ndag 26. mai<\/li><\/ul>\n\n\n\n<h3 class=\"wp-block-heading\">Det gamle kartet:<\/h3>\n\n\n\n<figure class=\"wp-block-image\"><a href=\"https:\/\/nydalen.idrett.no\/orientering\/wp-content\/uploads\/2019\/05\/Utklipp_Nydalen-Bj\u00f8lsen_2018.pdf\" target=\"_blank\" rel=\"noreferrer noopener\"><img loading=\"lazy\" decoding=\"async\" width=\"605\" height=\"962\" src=\"https:\/\/nydalen.idrett.no\/orientering\/wp-content\/uploads\/2019\/05\/Utklipp_Nydalen-Bj\u00f8lsen_2018-pdf-605x962.jpg\" alt=\"\" class=\"wp-image-16627\"\/><\/a><figcaption>Utklipp Nydalen-Bj\u00f8lsen 2018<\/figcaption><\/figure>\n","protected":false},"excerpt":{"rendered":"<p>L\u00f8pskart kan lastes ned fra Livelox: Kvalifisering l\u00f8rdag 25. mai Finale l\u00f8rdag 25. mai Stafett s\u00f8ndag 26. mai Det gamle kartet:<\/p>\n","protected":false},"author":58,"featured_media":0,"parent":15911,"menu_order":0,"comment_status":"closed","ping_status":"closed","template":"page-altleft.php","meta":{"footnotes":""},"class_list":["post-16626","page","type-page","status-publish","hentry"],"_links":{"self":[{"href":"https:\/\/nydalen.idrett.no\/orientering\/wp-json\/wp\/v2\/pages\/16626","targetHints":{"allow":["GET"]}}],"collection":[{"href":"https:\/\/nydalen.idrett.no\/orientering\/wp-json\/wp\/v2\/pages"}],"about":[{"href":"https:\/\/nydalen.idrett.no\/orientering\/wp-json\/wp\/v2\/types\/page"}],"author":[{"embeddable":true,"href":"https:\/\/nydalen.idrett.no\/orientering\/wp-json\/wp\/v2\/users\/58"}],"replies":[{"embeddable":true,"href":"https:\/\/nydalen.idrett.no\/orientering\/wp-json\/wp\/v2\/comments?post=16626"}],"version-history":[{"count":5,"href":"https:\/\/nydalen.idrett.no\/orientering\/wp-json\/wp\/v2\/pages\/16626\/revisions"}],"predecessor-version":[{"id":16661,"href":"https:\/\/nydalen.idrett.no\/orientering\/wp-json\/wp\/v2\/pages\/16626\/revisions\/16661"}],"up":[{"embeddable":true,"href":"https:\/\/nydalen.idrett.no\/orientering\/wp-json\/wp\/v2\/pages\/15911"}],"wp:attachment":[{"href":"https:\/\/nydalen.idrett.no\/orientering\/wp-json\/wp\/v2\/media?parent=16626"}],"curies":[{"name":"wp","href":"https:\/\/api.w.org\/{rel}","templated":true}]}}