{"id":16593,"date":"2019-05-10T16:25:55","date_gmt":"2019-05-10T14:25:55","guid":{"rendered":"https:\/\/nydalen.idrett.no\/orientering\/?page_id=16593"},"modified":"2019-05-10T16:26:16","modified_gmt":"2019-05-10T14:26:16","slug":"terrengsperring","status":"publish","type":"page","link":"https:\/\/nydalen.idrett.no\/orientering\/arrangementer\/nm-sprint-2019\/terrengsperring\/","title":{"rendered":"Terrengsperring"},"content":{"rendered":"\n<p>Alle NM-deltakere m\u00e5 forholde seg til gjeldende terrengsperring og tilh\u00f8rende bestemmelser. Ut\u00f8velse av fair play er b\u00e5de ut\u00f8veres og lederes ansvar.<\/p>\n\n\n\n<p>Hovedprinsipper og terrengsperringer med beskrivelse finner en hos <a href=\"http:\/\/orientering.no\/arrangement\/nof-aktivitet\/terrengsperringer\/\">Norges Orienteringsforbund<\/a>. <\/p>\n\n\n\n<p>Terrengsperringene finnes i dette kartet (zoom inn eller velg &#8220;2019 NM sprint&#8221; fra menyen i kartet):<\/p>\n\n\n\n<iframe loading=\"lazy\" src=\"https:\/\/www.google.com\/maps\/d\/embed?mid=1Ty0mN9pGReL7mAXSvXWoEdVI-fc\" width=\"640\" height=\"480\"><\/iframe>\n\n\n\n<hr class=\"wp-block-separator\"\/>\n\n\n\n<h3 class=\"wp-block-heading\">Tilleggsinformasjon<\/h3>\n\n\n\n<p>7. mai 2019 publiserte Norges Orienteringsforbund en <a href=\"http:\/\/orientering.no\/nyheter\/deltakelse-i-nm-sprintstafett\/\">nyhet om deltakelse p\u00e5 NM sprintstafett<\/a> s\u00f8ndag 26. mai:<\/p>\n\n\n\n<p><strong><em>Informasjon som ber\u00f8rer l\u00f8pere som jobber eller g\u00e5r p\u00e5 skole i Nydalen sentrum.<\/em><\/strong><\/p>\n\n\n\n<p><em>Det har v\u00e6rt og er en felles forst\u00e5else for at de som g\u00e5r p\u00e5 skole eller jobber i Nydalen sentrum ikke skal delta i NM sprint &#8211; dette p\u00e5 grunn av terrengsperring og fordeler disse ville hatt.<\/em><\/p>\n\n\n\n<p><em>N\u00e5 som l\u00f8ypeleggingen er i ferd med \u00ab\u00e5 lande\u00bb, s\u00e5 ser arrang\u00f8r og NOF at de som g\u00e5r p\u00e5 skole eller jobber nord for Kristoffer Aamodts gate b\u00f8r gis mulighet for deltagelse i NM-sprintstafett.<\/em><\/p>\n\n\n\n<p><em>Enhver m\u00e5 selv vurdere om en har overholdt sperrebestemmelsen for omr\u00e5det syd for denne gaten.<\/em><\/p>\n\n\n\n<hr class=\"wp-block-separator\"\/>\n\n\n\n<p><\/p>\n","protected":false},"excerpt":{"rendered":"<p>Alle NM-deltakere m\u00e5 forholde seg til gjeldende terrengsperring og tilh\u00f8rende bestemmelser. Ut\u00f8velse av fair play er b\u00e5de ut\u00f8veres og lederes ansvar. Hovedprinsipper og terrengsperringer med beskrivelse finner en hos Norges Orienteringsforbund. Terrengsperringene finnes i dette kartet (zoom inn eller velg &hellip; <a class=\"more-link\" href=\"https:\/\/nydalen.idrett.no\/orientering\/arrangementer\/nm-sprint-2019\/terrengsperring\/\">Les videre <span class=\"meta-nav\">&rarr;<\/span><\/a><\/p>\n","protected":false},"author":58,"featured_media":0,"parent":15911,"menu_order":0,"comment_status":"closed","ping_status":"closed","template":"page-altleft.php","meta":{"footnotes":""},"class_list":["post-16593","page","type-page","status-publish","hentry"],"_links":{"self":[{"href":"https:\/\/nydalen.idrett.no\/orientering\/wp-json\/wp\/v2\/pages\/16593","targetHints":{"allow":["GET"]}}],"collection":[{"href":"https:\/\/nydalen.idrett.no\/orientering\/wp-json\/wp\/v2\/pages"}],"about":[{"href":"https:\/\/nydalen.idrett.no\/orientering\/wp-json\/wp\/v2\/types\/page"}],"author":[{"embeddable":true,"href":"https:\/\/nydalen.idrett.no\/orientering\/wp-json\/wp\/v2\/users\/58"}],"replies":[{"embeddable":true,"href":"https:\/\/nydalen.idrett.no\/orientering\/wp-json\/wp\/v2\/comments?post=16593"}],"version-history":[{"count":12,"href":"https:\/\/nydalen.idrett.no\/orientering\/wp-json\/wp\/v2\/pages\/16593\/revisions"}],"predecessor-version":[{"id":16605,"href":"https:\/\/nydalen.idrett.no\/orientering\/wp-json\/wp\/v2\/pages\/16593\/revisions\/16605"}],"up":[{"embeddable":true,"href":"https:\/\/nydalen.idrett.no\/orientering\/wp-json\/wp\/v2\/pages\/15911"}],"wp:attachment":[{"href":"https:\/\/nydalen.idrett.no\/orientering\/wp-json\/wp\/v2\/media?parent=16593"}],"curies":[{"name":"wp","href":"https:\/\/api.w.org\/{rel}","templated":true}]}}