{"id":6901,"date":"2012-08-05T19:46:33","date_gmt":"2012-08-05T17:46:33","guid":{"rendered":"http:\/\/nydalen.idrett.no\/wordpress\/wp-content\/uploads\/2012\/08\/DSC_0077.jpg"},"modified":"2012-08-05T19:46:33","modified_gmt":"2012-08-05T17:46:33","slug":"dsc_0077","status":"inherit","type":"attachment","link":"https:\/\/nydalen.idrett.no\/orientering\/2012\/08\/05\/hovedlopet-langdistanse-en-ny-god-dag-for-klubben\/dsc_0077\/","title":{"rendered":"DSC_0077"},"author":12,"featured_media":0,"comment_status":"open","ping_status":"closed","template":"","meta":[],"class_list":["post-6901","attachment","type-attachment","status-inherit","hentry"],"description":{"rendered":"<p class=\"attachment\"><a href='https:\/\/nydalen.idrett.no\/orientering\/wp-content\/uploads\/2012\/08\/DSC_0077.jpg'><img loading=\"lazy\" decoding=\"async\" width=\"500\" height=\"334\" src=\"https:\/\/nydalen.idrett.no\/orientering\/wp-content\/uploads\/2012\/08\/DSC_0077-500x334.jpg\" class=\"attachment-medium size-medium\" alt=\"\" srcset=\"https:\/\/nydalen.idrett.no\/orientering\/wp-content\/uploads\/2012\/08\/DSC_0077-500x334.jpg 500w, https:\/\/nydalen.idrett.no\/orientering\/wp-content\/uploads\/2012\/08\/DSC_0077-962x644.jpg 962w, https:\/\/nydalen.idrett.no\/orientering\/wp-content\/uploads\/2012\/08\/DSC_0077.jpg 1024w\" sizes=\"auto, (max-width: 500px) 100vw, 500px\" \/><\/a><\/p>\n"},"caption":{"rendered":"<p>Anine p\u00e5 pallen &#8211; som for \u00f8vrig ble fylt opp med l\u00f8pere fra kretsen! <a class=\"more-link\" href=\"https:\/\/nydalen.idrett.no\/orientering\/2012\/08\/05\/hovedlopet-langdistanse-en-ny-god-dag-for-klubben\/dsc_0077\/\">Les videre <span class=\"meta-nav\">&rarr;<\/span><\/a><\/p>\n"},"alt_text":"","media_type":"image","mime_type":"image\/jpeg","media_details":{"width":"1024","height":"686","hwstring_small":"height='85' width='128'","file":"2012\/08\/DSC_0077.jpg","sizes":{"thumbnail":{"file":"DSC_0077-200x200.jpg","width":"200","height":"200","source_url":"https:\/\/nydalen.idrett.no\/orientering\/wp-content\/uploads\/2012\/08\/DSC_0077-200x200.jpg"},"medium":{"file":"DSC_0077-500x334.jpg","width":"500","height":"334","source_url":"https:\/\/nydalen.idrett.no\/orientering\/wp-content\/uploads\/2012\/08\/DSC_0077-500x334.jpg"},"large":{"file":"DSC_0077-962x644.jpg","width":"962","height":"644","source_url":"https:\/\/nydalen.idrett.no\/orientering\/wp-content\/uploads\/2012\/08\/DSC_0077-962x644.jpg"},"post-thumbnail":{"file":"DSC_0077-962x90.jpg","width":"962","height":"90","source_url":"https:\/\/nydalen.idrett.no\/orientering\/wp-content\/uploads\/2012\/08\/DSC_0077-962x90.jpg"},"full":{"file":"DSC_0077.jpg","width":1024,"height":686,"mime_type":"image\/jpeg","source_url":"https:\/\/nydalen.idrett.no\/orientering\/wp-content\/uploads\/2012\/08\/DSC_0077.jpg"}},"image_meta":{"aperture":"5.6","credit":"Picasa","camera":"NIKON D60","caption":"","created_timestamp":"1344092714","copyright":"","focal_length":"200","iso":"800","shutter_speed":"0.003125","title":""}},"post":6900,"source_url":"https:\/\/nydalen.idrett.no\/orientering\/wp-content\/uploads\/2012\/08\/DSC_0077.jpg","_links":{"self":[{"href":"https:\/\/nydalen.idrett.no\/orientering\/wp-json\/wp\/v2\/media\/6901","targetHints":{"allow":["GET"]}}],"collection":[{"href":"https:\/\/nydalen.idrett.no\/orientering\/wp-json\/wp\/v2\/media"}],"about":[{"href":"https:\/\/nydalen.idrett.no\/orientering\/wp-json\/wp\/v2\/types\/attachment"}],"author":[{"embeddable":true,"href":"https:\/\/nydalen.idrett.no\/orientering\/wp-json\/wp\/v2\/users\/12"}],"replies":[{"embeddable":true,"href":"https:\/\/nydalen.idrett.no\/orientering\/wp-json\/wp\/v2\/comments?post=6901"}]}}

<p>Anine på pallen &#8211; som for øvrig ble fylt opp med løpere fra kretsen! <a class="more-link" href="https://nydalen.idrett.no/orientering/2012/08/05/hovedlopet-langdistanse-en-ny-god-dag-for-klubben/dsc_0077/">Les videre <span class="meta-nav">&rarr;</span></a></p>
