{"id":11883,"date":"2014-08-31T19:10:34","date_gmt":"2014-08-31T17:10:34","guid":{"rendered":"http:\/\/nydalen.idrett.no\/wordpress\/wp-content\/uploads\/2014\/08\/D-12-2.jpg"},"modified":"2014-08-31T19:10:34","modified_gmt":"2014-08-31T17:10:34","slug":"d-12-2","status":"inherit","type":"attachment","link":"https:\/\/nydalen.idrett.no\/orientering\/2014\/08\/31\/best-i-byn-2\/d-12-2\/","title":{"rendered":"D &#8211; 12 2"},"author":41,"featured_media":0,"comment_status":"open","ping_status":"closed","template":"","meta":[],"class_list":["post-11883","attachment","type-attachment","status-inherit","hentry"],"description":{"rendered":"<p class=\"attachment\"><a href='https:\/\/nydalen.idrett.no\/orientering\/wp-content\/uploads\/2014\/08\/D-12-2.jpg'><img loading=\"lazy\" decoding=\"async\" width=\"500\" height=\"375\" src=\"https:\/\/nydalen.idrett.no\/orientering\/wp-content\/uploads\/2014\/08\/D-12-2-500x375.jpg\" class=\"attachment-medium size-medium\" alt=\"\" srcset=\"https:\/\/nydalen.idrett.no\/orientering\/wp-content\/uploads\/2014\/08\/D-12-2-500x375.jpg 500w, https:\/\/nydalen.idrett.no\/orientering\/wp-content\/uploads\/2014\/08\/D-12-2-962x721.jpg 962w, https:\/\/nydalen.idrett.no\/orientering\/wp-content\/uploads\/2014\/08\/D-12-2.jpg 1024w\" sizes=\"auto, (max-width: 500px) 100vw, 500px\" \/><\/a><\/p>\n"},"caption":{"rendered":"<p>Oda og Yngvild \u00f8verst p\u00e5 pallen og Ea som sammen med Theresa som kom p\u00e5 tredje. <a class=\"more-link\" href=\"https:\/\/nydalen.idrett.no\/orientering\/2014\/08\/31\/best-i-byn-2\/d-12-2\/\">Les videre <span class=\"meta-nav\">&rarr;<\/span><\/a><\/p>\n"},"alt_text":"","media_type":"image","mime_type":"image\/jpeg","media_details":{"width":1024,"height":768,"file":"2014\/08\/D-12-2.jpg","sizes":{"thumbnail":{"file":"D-12-2-200x200.jpg","width":200,"height":200,"mime_type":"image\/jpeg","source_url":"https:\/\/nydalen.idrett.no\/orientering\/wp-content\/uploads\/2014\/08\/D-12-2-200x200.jpg"},"medium":{"file":"D-12-2-500x375.jpg","width":500,"height":375,"mime_type":"image\/jpeg","source_url":"https:\/\/nydalen.idrett.no\/orientering\/wp-content\/uploads\/2014\/08\/D-12-2-500x375.jpg"},"large":{"file":"D-12-2-962x721.jpg","width":962,"height":721,"mime_type":"image\/jpeg","source_url":"https:\/\/nydalen.idrett.no\/orientering\/wp-content\/uploads\/2014\/08\/D-12-2-962x721.jpg"},"post-thumbnail":{"file":"D-12-2-962x90.jpg","width":962,"height":90,"mime_type":"image\/jpeg","source_url":"https:\/\/nydalen.idrett.no\/orientering\/wp-content\/uploads\/2014\/08\/D-12-2-962x90.jpg"},"full":{"file":"D-12-2.jpg","width":1024,"height":768,"mime_type":"image\/jpeg","source_url":"https:\/\/nydalen.idrett.no\/orientering\/wp-content\/uploads\/2014\/08\/D-12-2.jpg"}},"image_meta":{"aperture":0,"credit":"","camera":"","caption":"","created_timestamp":0,"copyright":"","focal_length":0,"iso":0,"shutter_speed":0,"title":""}},"post":11878,"source_url":"https:\/\/nydalen.idrett.no\/orientering\/wp-content\/uploads\/2014\/08\/D-12-2.jpg","_links":{"self":[{"href":"https:\/\/nydalen.idrett.no\/orientering\/wp-json\/wp\/v2\/media\/11883","targetHints":{"allow":["GET"]}}],"collection":[{"href":"https:\/\/nydalen.idrett.no\/orientering\/wp-json\/wp\/v2\/media"}],"about":[{"href":"https:\/\/nydalen.idrett.no\/orientering\/wp-json\/wp\/v2\/types\/attachment"}],"author":[{"embeddable":true,"href":"https:\/\/nydalen.idrett.no\/orientering\/wp-json\/wp\/v2\/users\/41"}],"replies":[{"embeddable":true,"href":"https:\/\/nydalen.idrett.no\/orientering\/wp-json\/wp\/v2\/comments?post=11883"}]}}

<p>Oda og Yngvild øverst på pallen og Ea som sammen med Theresa som kom på tredje. <a class="more-link" href="https://nydalen.idrett.no/orientering/2014/08/31/best-i-byn-2/d-12-2/">Les videre <span class="meta-nav">&rarr;</span></a></p>
